5 + 2
-3
What is the value of -4 + 4 + 1 + (3 - -1)?
5
-5 - -4 - (2 - -2)
-5
Calculate 5 - (-6 + -6 + 19).
-2
Calculate -1 - (-3 - (3 + (1 - 11))).
-5
What is the value of 5 + -8 - -5 - -4?
6
Calculate 5 + -2 + (-1 - 0).
2
What is 7 - (9 - 8 - 0)?
6
-1 + -7 + -5 + 1 + 8
-4
What is the value of 3 - 2 - (0 + -1)?
2
Calculate 0 + (-4 - 8) + 17.
5
What is -3 + 3 + -1 - 2?
-3
What is 2 - (1 - (-2 - (3 - 2)))?
-2
What is 3 + 4 - 1 - 1?
5
Calculate 81 - 80 - (-1 + 8 - 2).
-4
Calculate 7 - (6 + -5 + 9).
-3
Evaluate 6 + -2 + -2 + 0.
2
Calculate 0 + (8 - (9 - 1)) + 2.
2
0 - 0 - (25 + -30)
5
What is (9 - 1) + -1 + -29 + 29?
7
Evaluate 4 + (0 - -8) + -7.
5
Calculate (14 - (3 + 5)) + -4.
2
Calculate -2 + 5 + -3 + 0.
0
What is the value of 4 - (8 + -3 + -2 + 9)?
-8
What is (2 - 6 - -1) + -1?
-4
Calculate -5 - ((1 - 7) + 5).
-4
What is 6 - (-1 + 2 + 0)?
5
(-2 - 9) + 7 + 3
-1
What is -8 + 4 + (2 - -6)?
4
Evaluate 0 + -12 + (-1 - (-4 - 3)).
-6
-1 + (12 - 4) + 3 + -7
3
Calculate (-8 - -6) + 4 - 6 - -2.
-2
What is the value of (0 - -1) + -1 + 2 - -3?
5
What is 1 + 0 - (-7 + 10)?
-2
Evaluate 2 - (0 + 0) - (4 - 1).
-1
Evaluate 16 - 13 - (-2 + (1 - -3)).
1
Evaluate 0 + 4 + -4 - -4.
4
What is -5 + (4 - -1) - 2 - -7?
5
Calculate 0 + 2 - ((1 - -9) + -9).
1
What is the value of 2 - 0 - (-3 - (0 + 0))?
5
What is the value of -5 + -4 + -2 + 7 + -2?
-6
-2 + -3 + -4 - -4
-5
Calculate (2 - 1) + 6 + (-7 - -4).
4
What is the value of (-1 - (1 + -4)) + -4?
-2
Calculate (0 - 13) + 12 + -7 - 1.
-9
What is (5 - 9) + -4 + 15?
7
-3 + (-5 - -8 - 3) - -6
3
What is the value of -2 + -7 + 4 + 6 + 0?
1
What is -5 - (0 + 0 + -4)?
-1
What is the value of 9 + (-10 - -1 - -2)?
2
Calculate (7 - 10) + 0 + 1.
-2
What is 7 - 1 - (2 - (5 + -6))?
3
Calculate (12 - 7) + 16 - 11.
10
-1 + (3 + -7 - (-2 - 1))
-2
Calculate (1 - (1 + 0)) + (-37 - -41).
4
What is the value of -3 + -3 + 5 - (1 - -1)?
-3
5 - (-2 + (4 + -3 - -1))
5
What is the value of 2 + (-2 - 3) + 4 - -4?
5
(1 - -7) + (2 + -2 - 2)
6
(4 + -2 - 2 - -4) + -9
-5
What is the value of (-3 - (-2 - 0)) + 4?
3
Evaluate (5 - (1 - 3 - -2)) + 0.
5
(-3 - -2 - 3) + 4
0
(3 - (12 + -4)) + 9
4
Evaluate 2 + -2 + 1 + -3.
-2
-6 - (-15 + (-1 - -8))
2
(-3 - (0 - -2)) + 10
5
What is -4 + (0 - -3 - -1)?
0
What is the value of 2 + -2 + 4 + (-6 - -3)?
1
What is -4 - (-2 - -2) - (15 - 20)?
1
4 + -1 + (-10 - -10)
3
28 - 19 - (7 - 0)
2
Calculate 2 + -4 + (-43 - -43).
-2
Evaluate -13 + 13 - (3 - -1).
-4
Calculate (15 - 19) + (5 - 1).
0
Evaluate 142 + -141 - (-1 - -8).
-6
Evaluate (1 - -2) + -3 + -3 + 5.
2
What is -1 - (2 + 4 + -2)?
-5
Evaluate -1 + (1 - 0) - (-51 + 49).
2
What is -4 - -4 - (0 - -2 - -1)?
-3
What is 9 + -10 - (-13 + 5)?
7
What is the value of -9 + 6 - (-2 + 1)?
-2
Evaluate 0 - (4 - (3 - 0)).
-1
-2 - (-5 + -7 - -17)
-7
Calculate 1 - (1 + (-6 - -1)).
5
7 - -9 - 4 - 4
8
Calculate 24 + -25 + (-2 - 1) + 0.
-4
What is -6 - (-17 - (-3 - 7))?
1
What is -2 + (4 - 4 - -1)?
-1
Calculate -4 + -2 + 12 - 2.
4
What is 2 + -9 + 7 + 1?
1
-8 - (2 - (-2 + 1) - 6)
-5
What is 0 + 9 + (-4 + -8 - -7)?
4
What is (-2 - -4 - 3) + 0?
-1
What is -2 + -1 - ((-5 - -3) + -4)?
3
Calculate 4 + 0 - (-7 - -7).
4
Evaluate 12 + (-3 - 6) + (0 - -3).
6
19 + -11 + -4 - -3
7
Evaluate (1 - -6) + (-10 - 4) + 4.
-3
What is -6 - (-12 - (-1 + -8))?
-3
Calculate (6 - -3) + -2 - (5 - 4).
6
-4 + (-1 - -4) + 6
5
What is -6 + (18 - 3) + -6?
3
What is (2 - 1) + (-1 - 2)?
-2
Calculate 0 + (-4 - (-1 - 4)).
1
What is -12 + 21 + 3 + -10?
2
What is (-3 - (-1 + 8)) + 7?
-3
0 + 7 + (-7 - (-6 + 2))
4
What is 2 + (11 + -6 - 0)?
7
What is (0 - -11) + 2 + 0 + -7?
6
What is (1 - (1 + 0) - 4) + 6?
2
Evaluate -1 + -4 + (-5 - -11).
1
What is 7 + (-11 - (1 + 1)) + -2?
-8
Calculate -3 + -9 - (-13 + 5).
-4
What is the value of (-14 - -11) + (0 - (2 + -1))?
-4
Evaluate 0 + -1 - (20 + -30 + 8).
1
(-9 + 7 - -7) + -7
-2
What is -2 - -1 - (-2 - -3)?
-2
-9 + 1 - (-6 + (7 - 7))
-2
Calculate 7 + -6 + -4 + -3.
-6
What is the value of -12 + (2 - (-7 + 1))?
-4
What is the value of (0 - 11) + 4 - -5 - 4?
-6
What is -2 - (-5 + 1) - 5?
-3
What is (5 - (9 - 2 - 3)) + 7?
8
What is the value of 9 + 0 + -13 - -6?
2
What is the value of 2 + 0 - (-3 - (-5 + -2))?
-2
Calculate (-4 - -4) + 1 - -1.
2
What is the value of 5 + 11 + -7 + -16?
-7
2 + -10 + -1 - -5
-4
Calculate -3 + -7 + (-8 + 5 - -6).
-7
-1 + (2 - -3) - (65 + -61)
0
(-2 - -5) + (2 - 1)
4
What is 0 - -1 - (11 + -12) - -2?
4
What is the value of (-16 - -8) + 17 + -8?
1
Evaluate 2 - 4 - (-21 - -14).
5
What is (-7 + 1 - (3 + -5)) + 0?
-4
What is the value of (-1 - -4 - 7) + 4 - -4?
4
Evaluate (-3 + -6 - -4) + (-9 - -12).
-2
Calculate -3 + 1 - (-2 - (-4 + 4)).
0
8 - -1 - (-3 - -7)
5
Evaluate 0 + -2 - (-4 + 6 + 1).
-5
5 - ((0 - 3) + 1)
7
Calculate -3 + (1 - -1) + 3.
2
5 - (-6 + (11 - 4))
4
-5 - ((-9 - -13) + -7)
-2
Calculate -2 - -1 - (8 + -5 + -1).
-3
What is -4 + (-3 - (-6 + 2) - 1)?
-4
Calculate -18 + 17 - (4 + -1 + -12).
8
-3 + 4 + -5 + 9 - 2
3
What is 10 - (-6 + 5) - 8?
3
Evaluate -17 - -10 - -2 - (0 - 0).
-5
What is -4 - ((3 - -2 - 5) + -4)?
0
2 - (2 - 4) - (3 + -3)
4
Evaluate 0 + 13 + (92 - 99).
6
Calculate -4 - (-9 + 4 + (-3 - 0)).
4
Calculate 1 + -7 + 29 + -26 + 6.
3
Calculate (-9 - -9) + 0 - -5.
5
What is the value of -6 + 3 - (-1 - -1)?
-3
Calculate 3 + 0 + (2 - (3 + 3)).
-1
Calculate 18 + -14 + (1 - -1).
6
(-126 - -118) + -1 + 1
-8
What is the value of 5 - (7 + 0 - 3)?
1
Evaluate -81 - -81 - ((2 - 3) + -3).
4
-1 - (-1 + (2 - -1))
-3
Evaluate (3 + (-2 - 1) - 2) + -1.
-3
9 + -4 + 1 + -1 + -2
3
What is the value of 4 + (-4 - -7) + (-5 - 2)?
0
What is the value of -3 + -2 + 2 + 0?
-3
What is -11 - (-11 - (-5 + 5) - -6)?
-6
-60 + 66 - (1 - -4)
1
-7 + -5 + 7 - 0
-5
What is the value of 7 - 2 - (18 - 12)?
-1
Evaluate -3 + (0 + -8 - -5).
-6
Calculate -2 - (-7 + (1 - 0)).
4
Evaluate 12 - (-4 - (7 + (-19 - -1))).
5
Evaluate -11 - (-26 - -10) - -3.
8
What is -2 + 5 + -1 + -3?
-1
What is 8 - (-13 + 21) - (0 - 3)?
3
What is -1 - (-7 + 4 + 5 - 7)?
4
Calculate -10 + -4 + (-13 - -25).
-2
Calculate -2 - -1 - (-12 + 8).
3
Evaluate (-2 - -7) + -5 - -2.
2
Evaluate -1 + -4 - ((-3 - -4) + -7).
1
Evaluate -2 - (3 - 5) - -6.
6
Evaluate (45 - 34) + (-23 - -5).
-7
Calculate -1 + -1 + -3 + (-4 - -3).
-6
(2 - -1) + 9 + -14 + 2
0
What is -5 - -2 - (0 - (1 + -1))?
-3
(2 - 2) + -3 - (-7 - -9)
-5
Evaluate -5 + 12 + -3 + 4.
8
What is 3 + (0 - 2) - (-1 + -2)?
4
What is 1 + -3 + (-2 - (-1 - 5))?
2
Evaluate -4 + (3 - 0) - 0.
-1
1 - 2 - (-6 + -1 - -3)
3
Evaluate -6 + (-4 - 0 - (-6 + 0)).
-4
-7 - (-9 + 6 + 2) - 0
-6
What is 4 - (12 - (-2 + 4 + 0))?
-6
What is -2 + 0 + -14 + 15 - 1?
-2
What is (-3 - 1) + 85 + -75?
6
Evaluate 2 - (-6 - (-3 + -1)).
4
Calculate -8 + 9 + -4 + -1.
-4
What is 4 - (2 - ((-1 - -5) + 2))?
8
5 + (-9 - (13 + -14))
-3
-3 + 1 + 13 + -10
1
What is 24 - 20 - (-2 + (0 - 3))?
9
Calculate -1 + (-5 - -12) - -1.
7
What is (6 + -2 - 2) + 1 + -8?
-5
What is the value of 12 - (-1 - (-5 + -13))?
-5
What is the value of 3 - (0 + 1) - 3 - 5?
-6
Calculate 3 - (14 - 0 - 1).
-10
-4 - (21 + -13) - -21
9
What is 5 - 1 - 1 - (2 - 0)?
1
Evaluate (1 - -3) + -1 - (4 - 3).
2
Evaluate (4 - 1) + -19 + 18.
2
What is 12 + -9 + (-1 - -3)?
5
What is the value of 0 + (-2 - (-2 + -1))?
1
Calculate -5 - (0 - (3 - -5)) - -2.
5
Evaluate -7 - (6 + (-18 - -2) - -3).
0
Evaluate 4 - (13 - (-11 - -23)).
3
What is the value of 6 - 1 - 0 - 7?
-2
-10 - (5 + -16 + 2)
-1
Evaluate 19 + -15 - (-1 + -1 + 1).
5
What is the value of 2 + -6 - (-14 - (-21 + 9))?
-2
Evaluate (3 - 0) + (-37 - -32).
-2
7 + -6 + (10 - (11 - 5))
5
Calculate -3 + (1 - (3 + 0) - -3).
-2
Calculate -11 + -8 + 2 + 9.
-8
(7 - -2) + -7 + -1
1
Calculate -5 - ((0 - -3) + 5 + -8).
-5
Calculate (-4 - -2 - 0) + (-1 - -2).
-1
What is the value of (6 - 19) + 5 + 7?
-1
What is -16 + 19 + -2 - (4 + -3)?
0
What is -1 + 4 - (-32 + 16 - -21)?
-2
Evaluate 8 + 3 + -10 + 2.
3
Evaluate -3 + 4 + -9 - -2.
-6
What is -15 - (-10 + (-6 - (-6 + -3)))?
-8
Evaluate (-7 + 2 - -7) + -1.
1
Evaluate 24 + -12 - (3 + 6).
3
What is the value of 3 + (-3 + 2 - -2) + -3?
1
0 - -8 - (3 + 1)
4
What is the value of 0 + 1 + -5 + 8?
4
Evaluate -4 + 2 + (-2 - (-4 - -3)).
-3
What is (12 + 3 - 0) + -8?
7
26 - 24 - (2 + 1)
-1
What is 4 + 4 - -7 - 9?
6
What is 5 + 9 + -8 + 2?
8
6 + (-11 + 8 - -6)
9
Evaluate